{"id":265,"date":"2015-07-02T09:45:28","date_gmt":"2015-07-02T08:45:28","guid":{"rendered":"http:\/\/cnappes.org\/?page_id=265"},"modified":"2022-06-06T09:51:44","modified_gmt":"2022-06-06T09:51:44","slug":"apresentacoes","status":"publish","type":"page","link":"https:\/\/cnappes.org\/cnappes-2021\/apresentacoes\/","title":{"rendered":"Trabalhos"},"content":{"rendered":"<p>O Livro de Atas do 7.\u00ba Congresso Nacional de Pr\u00e1ticas Pedag\u00f3gicas no Ensino Superior est\u00e1 conclu\u00eddo e encontra-se dispon\u00edvel em:\u00a0<\/p>\n\n\n<div data-wp-interactive=\"core\/file\" class=\"wp-block-file\"><a id=\"wp-block-file--media-d45af312-957c-4f91-a8f6-e866ffedd707\" href=\"http:\/\/cnappes.org\/cnappes-2021\/files\/2022\/06\/Livro-de-Atas_CNaPPES21-1.pdf\" target=\"_blank\" rel=\"noreferrer noopener\">Livro de Atas_CNaPPES21<\/a><a href=\"http:\/\/cnappes.org\/cnappes-2021\/files\/2022\/06\/Livro-de-Atas_CNaPPES21-1.pdf\" class=\"wp-block-file__button\" download aria-describedby=\"wp-block-file--media-d45af312-957c-4f91-a8f6-e866ffedd707\">Descarregar<\/a><\/div>\n\n\n\n<p><\/p>\n","protected":false},"excerpt":{"rendered":"<p>O Livro de Atas do 7.\u00ba Congresso Nacional de Pr\u00e1ticas Pedag\u00f3gicas no Ensino Superior est\u00e1 conclu\u00eddo e encontra-se dispon\u00edvel em:\u00a0 <span class=\"more-text\">[+]<\/span><\/p>\n","protected":false},"author":91,"featured_media":0,"parent":0,"menu_order":0,"comment_status":"closed","ping_status":"closed","template":"","meta":{"footnotes":""},"class_list":["post-265","page","type-page","status-publish","hentry"],"_links":{"self":[{"href":"https:\/\/cnappes.org\/cnappes-2021\/wp-json\/wp\/v2\/pages\/265","targetHints":{"allow":["GET"]}}],"collection":[{"href":"https:\/\/cnappes.org\/cnappes-2021\/wp-json\/wp\/v2\/pages"}],"about":[{"href":"https:\/\/cnappes.org\/cnappes-2021\/wp-json\/wp\/v2\/types\/page"}],"author":[{"embeddable":true,"href":"https:\/\/cnappes.org\/cnappes-2021\/wp-json\/wp\/v2\/users\/91"}],"replies":[{"embeddable":true,"href":"https:\/\/cnappes.org\/cnappes-2021\/wp-json\/wp\/v2\/comments?post=265"}],"version-history":[{"count":8,"href":"https:\/\/cnappes.org\/cnappes-2021\/wp-json\/wp\/v2\/pages\/265\/revisions"}],"predecessor-version":[{"id":1101,"href":"https:\/\/cnappes.org\/cnappes-2021\/wp-json\/wp\/v2\/pages\/265\/revisions\/1101"}],"wp:attachment":[{"href":"https:\/\/cnappes.org\/cnappes-2021\/wp-json\/wp\/v2\/media?parent=265"}],"curies":[{"name":"wp","href":"https:\/\/api.w.org\/{rel}","templated":true}]}}