{"id":19,"date":"2014-03-28T15:12:45","date_gmt":"2014-03-28T15:12:45","guid":{"rendered":"http:\/\/cnappes.org\/?page_id=19"},"modified":"2014-03-28T15:12:45","modified_gmt":"2014-03-28T15:12:45","slug":"contactos","status":"publish","type":"page","link":"https:\/\/cnappes.org\/cnappes-2019\/contactos\/","title":{"rendered":"Informa\u00e7\u00f5es"},"content":{"rendered":"<p><strong>Comiss\u00e3o Organizadora<\/strong><\/p>\n<p><a href=\"mailto:cnappes@gmail.com\">cnappes@gmail.com<\/a><\/p>\n<hr \/>\n<p><strong>Organiza\u00e7\u00e3o local<\/strong><\/p>\n<p>Dina Rocha |\u00a0Instituto Polit\u00e9cnico de Santar\u00e9m<\/p>\n<p>Complexo Andaluz,\u00a0Apartado 279,\u00a02001-904 Santar\u00e9m<\/p>\n<p>Telefone: \u00a0+351 243\u00a0309 520\u00a0 \u00a0 \u00a0Email: <a href=\"mailto:dina.rocha@sc.ipsantarem.pt\">dina.rocha@sc.ipsantarem.pt<\/a><\/p>\n<hr \/>\n<p><strong>Local do Congresso<\/strong><\/p>\n<p>Escola Superior Agr\u00e1ria do Instituto Polit\u00e9cnico de Santar\u00e9m<\/p>\n<p>Quinta do Galinheiro &#8211; S. Pedro<\/p>\n<p>2001- 904 Santar\u00e9m &#8211; Portugal<\/p>\n<p>GPS: 39\u00ba 14&#8242; 58,75&#8243; N ; 8\u00ba 41&#8242; 50,45&#8243; W<\/p>\n<p><img loading=\"lazy\" decoding=\"async\" class=\"alignnone wp-image-886 size-large\" src=\"http:\/\/cnappes.org\/files\/2019\/07\/Planta_Agraria-1024x550.jpg\" alt=\"\" width=\"1024\" height=\"550\" \/><\/p>\n\n\n<hr class=\"wp-block-separator\" \/>\n\n\n\n<p> <strong>Apresenta\u00e7\u00f5es<\/strong> <\/p>\n\n\n\n<p>As apresenta\u00e7\u00f5es orais dever\u00e3o ser em l\u00edngua portuguesa e ter a dura\u00e7\u00e3o de 10 minutos (seguidos de 5 minutos para discuss\u00e3o).<\/p>\n\n\n\n<p>Equipamento dispon\u00edvel: Computador, projetor, internet (<em>Eduroam<\/em>).<\/p>\n\n\n\n<p>Recomenda-se que os ficheiros com as apresenta\u00e7\u00f5es sejam gravadas numa pen e que as mesmas sejam entregues ao moderador da sess\u00e3o imediatamente antes do respetivo in\u00edcio.<\/p>\n\n\n\n<p>Nas apresenta\u00e7\u00f5es deve ser utilizado o&nbsp;<em>template<\/em>&nbsp;definido pela organiza\u00e7\u00e3o e tentar n\u00e3o exceder mais do que 10&nbsp;<em>slides<\/em>.<\/p>\n\n\n\n<p><a href=\"http:\/\/cnappes.org\/files\/2019\/05\/Template_Apresentacao_CNaPPES19.pptx\">Template_Apresentacao_CNaPPES19<\/a><\/p>\n\n\n<p><!--StartFragment--><\/p>\n\n\n<p> <strong>Posters<\/strong> <\/p>\n\n\n\n<p>Os posters dever\u00e3o ter tamanho A0.<\/p>\n\n\n<p><!--EndFragment--><\/p>\n\n\n<hr class=\"wp-block-separator\" \/>\n\n\n\n<p><strong>Alojamento na cidade de Santar\u00e9m<\/strong><\/p>\n\n\n\n<p><strong>UMU Hotel<\/strong> [<a href=\"http:\/\/www.umu.pt\/tarifas\/\">http:\/\/www.umu.pt\/tarifas\/<\/a>] = zona norte da cidade <\/p>\n\n\n\n<p><strong>Santar\u00e9m Hotel <\/strong>[<a href=\"https:\/\/www.santaremhotel.net\/\">https:\/\/www.santaremhotel.net\/<\/a>] = zona sul da cidade <\/p>\n\n\n\n<p><strong>Santar\u00e9m Hostel<\/strong> [<a href=\"http:\/\/www.santaremhostel.pt\/\">http:\/\/www.santaremhostel.pt\/<\/a>] = centro da cidade <\/p>\n\n\n\n<p><strong>N1 Hostel, Apartments and Suites<\/strong> [<a href=\"http:\/\/www.n1hostelapartments.com\/\">http:\/\/www.n1hostelapartments.com\/<\/a>] = centro da cidade <\/p>\n\n\n\n<p><strong>Hotel Vit\u00f3ria<\/strong> [<a href=\"http:\/\/hotelvitoria.com.pt\/pt\">http:\/\/hotelvitoria.com.pt\/pt<\/a>] = centro da cidade <\/p>\n\n\n\n<p><strong>Tagus Host <\/strong>[<a href=\"https:\/\/tagushost.pt\/wp\/%5d\">https:\/\/tagushost.pt\/wp\/]<\/a> = centro da cidade <\/p>\n","protected":false},"excerpt":{"rendered":"<p>Comiss\u00e3o Organizadora cnappes@gmail.com Organiza\u00e7\u00e3o local Dina Rocha |\u00a0Instituto Polit\u00e9cnico de Santar\u00e9m Complexo Andaluz,\u00a0Apartado 279,\u00a02001-904 Santar\u00e9m Telefone: \u00a0+351 243\u00a0309 520\u00a0 \u00a0 \u00a0Email: dina.rocha@sc.ipsantarem.pt Local do Congresso Escola Superior Agr\u00e1ria do Instituto<\/p>\n<div class=\"more-link-container\"> [&hellip;]<\/div>\n<p> <span class=\"more-text\">[+]<\/span><\/p>\n","protected":false},"author":97,"featured_media":0,"parent":0,"menu_order":5,"comment_status":"closed","ping_status":"closed","template":"","meta":{"footnotes":""},"class_list":["post-19","page","type-page","status-publish","hentry"],"_links":{"self":[{"href":"https:\/\/cnappes.org\/cnappes-2019\/wp-json\/wp\/v2\/pages\/19","targetHints":{"allow":["GET"]}}],"collection":[{"href":"https:\/\/cnappes.org\/cnappes-2019\/wp-json\/wp\/v2\/pages"}],"about":[{"href":"https:\/\/cnappes.org\/cnappes-2019\/wp-json\/wp\/v2\/types\/page"}],"author":[{"embeddable":true,"href":"https:\/\/cnappes.org\/cnappes-2019\/wp-json\/wp\/v2\/users\/97"}],"replies":[{"embeddable":true,"href":"https:\/\/cnappes.org\/cnappes-2019\/wp-json\/wp\/v2\/comments?post=19"}],"version-history":[{"count":0,"href":"https:\/\/cnappes.org\/cnappes-2019\/wp-json\/wp\/v2\/pages\/19\/revisions"}],"wp:attachment":[{"href":"https:\/\/cnappes.org\/cnappes-2019\/wp-json\/wp\/v2\/media?parent=19"}],"curies":[{"name":"wp","href":"https:\/\/api.w.org\/{rel}","templated":true}]}}