{"id":16,"date":"2014-03-28T15:12:32","date_gmt":"2014-03-28T15:12:32","guid":{"rendered":"http:\/\/cnappes.org\/?page_id=16"},"modified":"2014-03-28T15:12:32","modified_gmt":"2014-03-28T15:12:32","slug":"organizacao","status":"publish","type":"page","link":"https:\/\/cnappes.org\/cnappes-2018\/organizacao\/","title":{"rendered":"Organiza\u00e7\u00e3o"},"content":{"rendered":"<p><strong>Comiss\u00e3o Organizadora<\/strong><\/p>\n<p>Patr\u00edcia Rosado Pinto | Universidade Nova de Lisboa<\/p>\n<p>Fernando Remi\u00e3o | Universidade do Porto<\/p>\n<p>Jos\u00e9 Fernando Oliveira | Universidade do Porto<\/p>\n<p>Rita Cadima | Instituto Polit\u00e9cnico de Leiria<\/p>\n<p>Lu\u00eds Castro \u00a0 | \u00a0 Universidade de Lisboa<\/p>\n<p>Maria Am\u00e9lia Ferreira | Universidade do Porto<\/p>\n<p>Fernando Almeida | Instituto Polit\u00e9cnico de Set\u00fabal<\/p>\n<p>&nbsp;<\/p>\n<p>&nbsp;<\/p>\n<p><strong>Comiss\u00e3o Organizadora Local<\/strong><\/p>\n<p>IDEA-UMinho \u2013 Centro de Inova\u00e7\u00e3o e Desenvolvimento do Ensino e da Aprendizagem na Universidade do Minho<\/p>\n<p>&nbsp;<\/p>\n<p>Linda Veiga | Universidade do Minho<\/p>\n<p>Fl\u00e1via Vieira | Universidade do Minho<\/p>\n<p>Leandro Almeida | Universidade do Minho<\/p>\n<p>Manuel Jo\u00e3o Costa | Universidade do Minho<\/p>\n<p>Rui Lima | Universidade do Minho<\/p>\n<p>Rui Oliveira | Universidade do Minho<\/p>\n<p>Teresa Freire | Universidade do Minho<\/p>\n<p>&nbsp;<\/p>\n<p><strong>Comiss\u00e3o Programa<\/strong><\/p>\n<p>Aldo Costa | Universidade da Beira Interior<\/p>\n<p>Alice Bastos | Instituto Polit\u00e9cnico de Viana do Castelo<\/p>\n<p>\u00c2ngelo Martins | Instituto Polit\u00e9cnico do Porto<\/p>\n<p>Ant\u00f3nio Ferrari | Universidade de Aveiro<\/p>\n<p>Cristina Loureiro | Instituto Polit\u00e9cnico de Lisboa<\/p>\n<p>Cust\u00f3dia Drumond | Universidade da Madeira<\/p>\n<p>Domingos Fernandes | Universidade de Lisboa<\/p>\n<p>Fernando Almeida | Instituto Polit\u00e9cnico de Set\u00fabal<\/p>\n<p>Fernando Remi\u00e3o | Universidade do Porto<\/p>\n<p>Fl\u00e1via Vieira | Universidade do Minho<\/p>\n<p>Gl\u00f3ria de Bastos | Universidade Aberta<\/p>\n<p>Helena Pimentel | Instituto Polit\u00e9cnico de Bragan\u00e7a<\/p>\n<p>Isabel Alves | Universidade de Tr\u00e1s-os-Montes e Alto Douro<\/p>\n<p>Jos\u00e9 Fernando Oliveira | Universidade do Porto<\/p>\n<p>Leandro Almeida | Universidade do Minho<\/p>\n<p>Lu\u00eds Castro | Universidade de Lisboa<\/p>\n<p>Lu\u00eds Tinoca | Universidade de Lisboa<\/p>\n<p>Maria Am\u00e9lia Ferreira | Universidade do Porto<\/p>\n<p>Maria C\u00e9u Carrageta | Escola Superior de Enfermagem de Coimbra<\/p>\n<p>Maria Jo\u00e3o Cardona | Instituto Polit\u00e9cnico de Santar\u00e9m<\/p>\n<p>Mariana Valente | Universidade de \u00c9vora<\/p>\n<p>Patr\u00edcia Rosado Pinto | Universidade Nova de Lisboa<\/p>\n<p>Paula Peres | Instituto Polit\u00e9cnico do Porto<\/p>\n<p>Pedro Card\u00e3o | Instituto Polit\u00e9cnico da Guarda<\/p>\n<p>Pedro Neto | Instituto Polit\u00e9cnico de Set\u00fabal<\/p>\n<p>Rita Cadima | Instituto Polit\u00e9cnico de Leiria<\/p>\n<p>Susana Carvalhosa | ISCTE<\/p>\n<p>Susana Gon\u00e7alves | Instituto Polit\u00e9cnico de Coimbra<\/p>\n<p>&nbsp;<\/p>\n<p>&nbsp;<\/p>\n<p>&nbsp;<\/p>\n<p><strong>Patroc\u00ednio<\/strong><\/p>\n<p><a href=\"http:\/\/cnappes.org\/cnappes-2018\/files\/2014\/03\/logo-DGES.jpg\"><img loading=\"lazy\" decoding=\"async\" class=\"alignnone wp-image-742\" src=\"http:\/\/cnappes.org\/cnappes-2018\/files\/2018\/06\/10-Digital_PT_4C_H_FC_MCTES-300x88.png\" alt=\"\" width=\"314\" height=\"92\" srcset=\"https:\/\/cnappes.org\/cnappes-2018\/files\/2018\/06\/10-Digital_PT_4C_H_FC_MCTES-300x88.png 300w, https:\/\/cnappes.org\/cnappes-2018\/files\/2018\/06\/10-Digital_PT_4C_H_FC_MCTES-768x225.png 768w, https:\/\/cnappes.org\/cnappes-2018\/files\/2018\/06\/10-Digital_PT_4C_H_FC_MCTES-1024x299.png 1024w\" sizes=\"auto, (max-width: 314px) 100vw, 314px\" \/>\u00a0 \u00a0\u00a0\u00a0 \u00a0 \u00a0 \u00a0\u00a0\u00a0 \u00a0\u00a0\u00a0<\/a><\/p>\n<p><strong>Apoios<\/strong><\/p>\n<p><a href=\"http:\/\/cnappes.org\/cnappes-2018\/files\/2014\/03\/logo-DGES.jpg\"><img loading=\"lazy\" decoding=\"async\" class=\"alignnone wp-image-720\" src=\"http:\/\/cnappes.org\/cnappes-2018\/files\/2018\/04\/2017_FCT_H_cor-300x87.jpg\" alt=\"\" width=\"198\" height=\"57\" srcset=\"https:\/\/cnappes.org\/cnappes-2018\/files\/2018\/04\/2017_FCT_H_cor-300x87.jpg 300w, https:\/\/cnappes.org\/cnappes-2018\/files\/2018\/04\/2017_FCT_H_cor.jpg 596w\" sizes=\"auto, (max-width: 198px) 100vw, 198px\" \/><\/a>\u00a0\u00a0 \u00a0 \u00a0 \u00a0 <a href=\"http:\/\/cnappes.org\/cnappes-2018\/files\/2014\/03\/logo-DGES.jpg\"><img loading=\"lazy\" decoding=\"async\" class=\"alignnone wp-image-735\" src=\"http:\/\/cnappes.org\/cnappes-2018\/files\/2018\/05\/LOGO_FLAD_PORT_CORES_CMYK1-300x83.jpg\" alt=\"\" width=\"130\" height=\"36\" srcset=\"https:\/\/cnappes.org\/cnappes-2018\/files\/2018\/05\/LOGO_FLAD_PORT_CORES_CMYK1-300x83.jpg 300w, https:\/\/cnappes.org\/cnappes-2018\/files\/2018\/05\/LOGO_FLAD_PORT_CORES_CMYK1-768x211.jpg 768w, https:\/\/cnappes.org\/cnappes-2018\/files\/2018\/05\/LOGO_FLAD_PORT_CORES_CMYK1-1024x282.jpg 1024w\" sizes=\"auto, (max-width: 130px) 100vw, 130px\" \/><\/a>\u00a0 \u00a0 \u00a0 \u00a0 <a href=\"http:\/\/cnappes.org\/cnappes-2018\/files\/2014\/03\/logo-DGES.jpg\"><img loading=\"lazy\" decoding=\"async\" class=\"alignnone wp-image-751\" src=\"http:\/\/cnappes.org\/cnappes-2018\/files\/2018\/06\/CMBraga-300x180.jpg\" alt=\"\" width=\"137\" height=\"83\" srcset=\"https:\/\/cnappes.org\/cnappes-2018\/files\/2018\/06\/CMBraga-300x180.jpg 300w, https:\/\/cnappes.org\/cnappes-2018\/files\/2018\/06\/CMBraga.jpg 644w\" sizes=\"auto, (max-width: 137px) 100vw, 137px\" \/><\/a>\u00a0 \u00a0\u00a0<img loading=\"lazy\" decoding=\"async\" class=\"alignnone wp-image-752\" src=\"http:\/\/cnappes.org\/cnappes-2018\/files\/2018\/06\/iCognitus-300x127.jpg\" alt=\"\" width=\"128\" height=\"54\" srcset=\"https:\/\/cnappes.org\/cnappes-2018\/files\/2018\/06\/iCognitus-300x127.jpg 300w, https:\/\/cnappes.org\/cnappes-2018\/files\/2018\/06\/iCognitus.jpg 476w\" sizes=\"auto, (max-width: 128px) 100vw, 128px\" \/>\u00a0 \u00a0 \u00a0 <a href=\"http:\/\/cnappes.org\/cnappes-2018\/files\/2014\/03\/logo-DGES.jpg\"><img loading=\"lazy\" decoding=\"async\" class=\"alignnone wp-image-753\" src=\"http:\/\/cnappes.org\/cnappes-2018\/files\/2018\/06\/PSE-300x200.jpg\" alt=\"\" width=\"104\" height=\"70\" srcset=\"https:\/\/cnappes.org\/cnappes-2018\/files\/2018\/06\/PSE-300x200.jpg 300w, https:\/\/cnappes.org\/cnappes-2018\/files\/2018\/06\/PSE.jpg 384w\" sizes=\"auto, (max-width: 104px) 100vw, 104px\" \/><\/a><\/p>\n<p>&nbsp;<\/p>\n<p>&nbsp;<\/p>\n<p><strong>Parceiros<\/strong><\/p>\n<p><a href=\"http:\/\/cnappes.org\/cnappes-2018\/files\/2014\/03\/logo_ipl_horiz.jpg\"><img loading=\"lazy\" decoding=\"async\" class=\"alignnone size-full wp-image-213\" src=\"http:\/\/cnappes.org\/cnappes-2018\/files\/2014\/03\/ulisboa.png\" alt=\"ulisboa\" width=\"251\" height=\"56\" \/><\/a>\u00a0 \u00a0 \u00a0 \u00a0 \u00a0<a href=\"http:\/\/cnappes.org\/cnappes-2018\/files\/2014\/03\/logo_ipl_horiz.jpg\"><img loading=\"lazy\" decoding=\"async\" class=\"alignnone size-full wp-image-456\" src=\"http:\/\/cnappes.org\/cnappes-2018\/files\/2014\/03\/logo_ipl_header_mini.png\" alt=\"logo_ipl_header_mini\" width=\"191\" height=\"59\" \/><\/a><\/p>\n<p>&nbsp;<\/p>\n<p><a href=\"http:\/\/cnappes.org\/cnappes-2018\/files\/2014\/03\/logo_ipl_horiz.jpg\">\u00a0 \u00a0\u00a0<img loading=\"lazy\" decoding=\"async\" class=\"alignnone wp-image-206\" src=\"http:\/\/cnappes.org\/cnappes-2018\/files\/2014\/03\/uporto-300x65.png\" alt=\"uporto\" width=\"232\" height=\"50\" srcset=\"https:\/\/cnappes.org\/cnappes-2018\/files\/2014\/03\/uporto-300x65.png 300w, https:\/\/cnappes.org\/cnappes-2018\/files\/2014\/03\/uporto.png 482w\" sizes=\"auto, (max-width: 232px) 100vw, 232px\" \/><\/a>\u00a0 \u00a0 \u00a0 \u00a0 \u00a0 \u00a0\u00a0<a href=\"http:\/\/cnappes.org\/cnappes-2018\/files\/2014\/03\/ipsantarem.jpg\"><img loading=\"lazy\" decoding=\"async\" class=\"alignnone wp-image-205\" src=\"http:\/\/cnappes.org\/cnappes-2018\/files\/2014\/03\/unovalisboa.png\" alt=\"unovalisboa\" width=\"206\" height=\"70\" \/><\/a><\/p>\n<p>&nbsp;<\/p>\n<p><a href=\"http:\/\/cnappes.org\/cnappes-2018\/files\/2014\/03\/ipsantarem.jpg\">\u00a0 <\/a>\u00a0<img loading=\"lazy\" decoding=\"async\" class=\"alignnone wp-image-606\" src=\"http:\/\/cnappes.org\/cnappes-2018\/files\/2014\/03\/IPS-S\u00edmbolo25-300x186.jpg\" alt=\"\" width=\"175\" height=\"109\" srcset=\"https:\/\/cnappes.org\/cnappes-2018\/files\/2014\/03\/IPS-S\u00edmbolo25-300x186.jpg 300w, https:\/\/cnappes.org\/cnappes-2018\/files\/2014\/03\/IPS-S\u00edmbolo25.jpg 576w\" sizes=\"auto, (max-width: 175px) 100vw, 175px\" \/>\u00a0 \u00a0 \u00a0 \u00a0 \u00a0 \u00a0 \u00a0 \u00a0 \u00a0 \u00a0 \u00a0\u00a0<img loading=\"lazy\" decoding=\"async\" class=\"alignnone wp-image-701\" src=\"http:\/\/cnappes.org\/cnappes-2018\/files\/2018\/03\/UMinho.jpg\" alt=\"\" width=\"131\" height=\"102\" \/><\/p>\n<p>&nbsp;<\/p>\n<p>&nbsp;<\/p>\n<p>&nbsp;<\/p>\n<p>&nbsp;<\/p>\n<p>&nbsp;<\/p>\n","protected":false},"excerpt":{"rendered":"<p>Comiss\u00e3o Organizadora Patr\u00edcia Rosado Pinto | Universidade Nova de Lisboa Fernando Remi\u00e3o | Universidade do Porto Jos\u00e9 Fernando Oliveira | Universidade do Porto Rita Cadima | Instituto Polit\u00e9cnico de Leiria<\/p>\n<div class=\"more-link-container\"> [&hellip;]<\/div>\n<p> <span class=\"more-text\">[+]<\/span><\/p>\n","protected":false},"author":97,"featured_media":0,"parent":0,"menu_order":4,"comment_status":"closed","ping_status":"closed","template":"","meta":{"footnotes":""},"class_list":["post-16","page","type-page","status-publish","hentry"],"_links":{"self":[{"href":"https:\/\/cnappes.org\/cnappes-2018\/wp-json\/wp\/v2\/pages\/16","targetHints":{"allow":["GET"]}}],"collection":[{"href":"https:\/\/cnappes.org\/cnappes-2018\/wp-json\/wp\/v2\/pages"}],"about":[{"href":"https:\/\/cnappes.org\/cnappes-2018\/wp-json\/wp\/v2\/types\/page"}],"author":[{"embeddable":true,"href":"https:\/\/cnappes.org\/cnappes-2018\/wp-json\/wp\/v2\/users\/97"}],"replies":[{"embeddable":true,"href":"https:\/\/cnappes.org\/cnappes-2018\/wp-json\/wp\/v2\/comments?post=16"}],"version-history":[{"count":0,"href":"https:\/\/cnappes.org\/cnappes-2018\/wp-json\/wp\/v2\/pages\/16\/revisions"}],"wp:attachment":[{"href":"https:\/\/cnappes.org\/cnappes-2018\/wp-json\/wp\/v2\/media?parent=16"}],"curies":[{"name":"wp","href":"https:\/\/api.w.org\/{rel}","templated":true}]}}